ppose -8 = -9*p + p. Let k(j) = 33*j + 2. Let r be k(p). What is the highest common divisor of r and 315?
35
Let s(y) = -159*y - 1209. Let h be s(-8). Calculate the highest common divisor of h and 609.
21
Suppose 72*u + 19845 - 29763 = 55314. Calculate the highest common factor of u and 3.
3
Suppose 3*d + t = 56, 3*d + 4*t = 7 + 46. Suppose d*f - 197 = 392. Calculate the greatest common factor of 589 and f.
31
Let r be (475/(-38)*(-1)/1)/(2/12). Calculate the highest common divisor of 570 and r.
15
Let k = 30 + -23. Suppose -3*i + k = -3*z + 37, 35 = 4*z - 3*i. Suppose -z = -2*w + 7. What is the greatest common divisor of w and 24?
6
Let k(l) = -8*l**2 + 45 - 22 - 1 - 12 + l**3. Let r = -1 + 9. Let a be k(r). Calculate the greatest common factor of a and 5.
5
Suppose 584*u + 3801 = 577*u. Let m = u + 573. Suppose -3*y + 49 = -2*j, -55 = 3*y - 6*y + 5*j. What is the greatest common divisor of y and m?
15
Suppose -186*w = -82 - 6428. Let i be (-133)/(-7) - (0 + 3). Let y = -1 + i. Calculate the greatest common divisor of y and w.
5
Let t(h) = -h**3 - 11*h**2 + 6. Let v be t(-11). Let p be ((-36)/v*1)/(4/(-56)). Suppose -4*m - 2 = -58. Calculate the highest common divisor of m and p.
14
Suppose -19 = 5*k + 56. Let o be (-35)/k*-33*-2. Calculate the highest common factor of 2 and o.
2
Let o be (-3744)/15 + -6 - 8/20. Let i = o - -259. Calculate the highest common factor of 114 and i.
3
Suppose 44*y - 74 = 7*y. Suppose -2*x + 2*w = -0*w - 408, 3*x - 632 = -y*w. Calculate the greatest common factor of x and 32.
16
Suppose -2*p + p = -2*r - 26, -r = 1. Let u = -1751 + 1763. Calculate the highest common divisor of p and u.
12
Suppose -2*i = -5*a - 1124, 2*a - 418 = -i + 162. What is the highest common factor of 962 and i?
26
Suppose 5*z = 434 + 376. Suppose 0 = -50*n + 18*n + 576. What is the greatest common divisor of z and n?
18
Let a = -11 + 23. Let y(b) = -2*b**3 - 56*b**2 - 53*b + 201. Let k be y(-27). Calculate the greatest common factor of a and k.
6
Let y = 22 - 21. Let n(s) = 2*s + 11. Let k be n(2). Let g be y/2 + (k/2 - 1). What is the greatest common divisor of 77 and g?
7
Let z(n) be the third derivative of 0 + 3*n**2 - 13/6*n**3 + 11/24*n**4 + 0*n - 1/60*n**5. Let o be z(8). What is the greatest common divisor of 77 and o?
11
Let o = 407687 - 407535. Suppose -5*c + 34 = -46. Calculate the highest common divisor of o and c.
8
Suppose 5*w - 2*w - 75 = 0. Let y = w - 18. Suppose y + 41 = 3*d. Calculate the highest common divisor of d and 56.
8
Let p = 29 + -1. Let q be (-214)/(-7) - -8*(-2)/p. What is the highest common divisor of q and 240?
30
Let i(g) = 147*g**2 - 7*g + 6. Let u be i(1). Suppose 0 = 2*p - 4*d - u, 86 - 9 = p - 3*d. What is the greatest common factor of 208 and p?
13
Let j(f) = 6*f**2 - 31*f - 66. Let t be j(-3). What is the greatest common divisor of 1809 and t?
27
Let c(m) = -10*m - 49. Let v be c(-5). Suppose 0 = -3*h + h + 4. Suppose 5*r + 3*d = 5, -5*d = -r - h*r + 3. What is the highest common factor of v and r?
1
Let r(a) = a + 54. Let h be r(-32). What is the highest common divisor of h and 3784?
22
Let c(b) = 6*b + 2. Let l be c(2). Suppose 0 = -v + 17 + l. Let d = -8 + v. What is the greatest common divisor of 253 and d?
23
Let y(p) = 4*p**2 + 16*p - 23. Let g(b) = -4*b**2 - 17*b + 24. Let x(c) = 3*g(c) + 4*y(c). Let d be x(-8). Calculate the highest common factor of d and 66.
66
Suppose -3*l - 5*m = -5*l + 8, -5*l - m = -20. Let w be 1 + (5542/374 - l/(-22)). Calculate the greatest common divisor of 72 and w.
8
Let c = 41 + 89. Suppose 8 = 2*r - 4*w, -6*r = -11*r - 2*w + 56. What is the greatest common factor of r and c?
10
Let u be 1944/(-90)*10/(-8). Calculate the highest common divisor of u and 35559.
27
Suppose 3*j - 5*k = 1109, 5*k = j + 6*k - 359. Let l = j - 341. What is the greatest common divisor of 99 and l?
11
Let c = 21913 - 21899. Let x be -2*((-3)/6 - 2). Suppose k + x*r = 14, 24 = 2*k - r - 4. Calculate the greatest common divisor of c and k.
14
Let k = 8171 - 7967. Suppose 4*f - 3*f = 68. What is the highest common divisor of k and f?
68
Let l(w) = w**3 + 12*w**2 - 5*w + 10. Let n = -60 - -48. Let o be l(n). Suppose -4*t = -3*k + o, 0 = -2*t - 8. What is the highest common divisor of 6 and k?
6
Let z be (0 + 1)*15*42/63. Let r(b) = -b - 1. Let p be r(-7). Suppose -42 = -5*t - 4*s + 24, -t + 4*s - p = 0. What is the greatest common divisor of z and t?
10
Suppose 2*j - 56 = -2*q, j + 4*q - 86 = -2*j. Suppose 38*k - 708 = j*k. What is the highest common divisor of k and 236?
59
Suppose -5*m + 278 = -312. Let k = m + 94. Calculate the highest common factor of 4 and k.
4
Let j = 13 + -2. Suppose -q + 2*k = 0, -2*k = -2*q - 4*k + 12. Let t be (-1)/q - (-405)/36. What is the highest common factor of t and j?
11
Suppose -5*x - 93 = -8*x. Let u = -108 - -150. Let c = u - x. What is the greatest common divisor of c and 22?
11
Let w(d) = -4*d**3 - 14*d**2 - 3*d - 5. Let n be w(-4). Suppose 63 - n = 2*z. Calculate the greatest common factor of 228 and z.
12
Let a(h) = -h**3 + 2*h - 1. Let v be a(0). Let t be ((-12)/(-16))/(v/(-228)). Suppose -5*x - 21 = -t. What is the highest common factor of 30 and x?
30
Let c = 512 - 510. Suppose -c*b + 64*w - 66*w = -22, -2*b = -4*w - 34. Calculate the greatest common divisor of 65 and b.
13
Suppose 59*d = 58*d + 2, 2*p - 26 = -20*d. Let l be (-1 - 0) + 38/2. Let u = l + p. What is the greatest common factor of 99 and u?
11
Suppose 8277 = 39*a - 1551. Calculate the highest common factor of a and 1323.
63
Let p(x) = 18*x**2 + 695*x + 32. Let r be p(-64). What is the highest common divisor of r and 10?
10
Suppose 49*l - 1174496 = -113*l + 35*l. Calculate the greatest common divisor of l and 68.
68
Suppose -99 = -3*h - 8*h. Suppose h = -6*s + 27. Suppose -d - 5 = -4*u - 0, -2*u = 5*d + s. Calculate the greatest common factor of u and 4.
1
Let i(c) be the second derivative of c**5/20 + 3*c**4/4 - 7*c**3/3 - 20*c. Let q = -18 + 8. Let f be i(q). What is the greatest common factor of 5 and f?
5
Let s(m) = -11*m. Let a be s(0). Suppose -c - v - 3*v + 6 = a, 0 = -c - 3*v + 10. What is the highest common divisor of 22 and c?
22
Let x = 662 - 586. What is the greatest common divisor of x and 100?
4
Let o be 66 + ((-20)/8 + 0)/(55/(-44)). What is the highest common divisor of 8636 and o?
68
Suppose 66*m - 12 = 60*m. Suppose -2*d + m*h = -5*d + 93, 0 = 3*d + 4*h - 99. Calculate the greatest common factor of d and 319.
29
Let o be 2 + 0 - (6 - ((1613 - -5) + -2)). What is the greatest common factor of o and 26?
26
Suppose 0 = -16*o + 3749 + 3595. Let t be 16/(-32)*(2 - 36)/1. What is the highest common divisor of o and t?
17
Let l(o) = -o**3 - 37*o**2 + 56*o + 688. Let s be l(-38). What is the highest common factor of 972 and s?
4
Suppose -248 + 1214 = 2*d. Calculate the highest common divisor of d and 336.
21
Suppose -2*f + 2*t = 16, 2*t = -f - 3*f - 56. Let i be ((-18)/f)/(2/4). Suppose i*j - 117 + 45 = 0. Calculate the greatest common factor of j and 56.
8
Suppose 57*k - 36 = 54*k. What is the greatest common factor of 3720 and k?
12
Let s = 1090 - 670. Suppose j = -13*j + s. What is the greatest common divisor of 42 and j?
6
Let v(g) = g**2 + g - 5 + 24 - 9 - 4*g. Let k be v(-5). Let w be (-25 + 15)*-2*1. What is the greatest common factor of k and w?
10
Suppose -27*r - 5*m + 35 = -30*r, -5*r + 3*m - 69 = 0. Let c(u) = u**2 + 6*u - 30. Let y be c(r). What is the greatest common divisor of 63 and y?
21
Suppose r - 11*r = -3*r - 357. What is the greatest common factor of r and 3876?
51
Suppose 0 = -9*y + 189*y - 30600. Calculate the greatest common divisor of 68 and y.
34
Suppose c + 4*c - 20 = 0. Let k(j) = 20*j**2 - j - 8. Let d be k(c). Calculate the greatest common divisor of 44 and d.
44
Let j(g) = -g**3 - 17*g**2 + 12*g + 43. Let v be j(-23). Calculate the greatest common divisor of v and 17.
17
Suppose -4*s - 20 = -92. Let z = -1434 + 1566. Suppose -23*i = -i - z. What is the highest common divisor of s and i?
6
Let s(n) = 5*n + 105. Suppose -q - 4*r + 50 = -4*q, 4*q = -2*r - 30. Let g be s(q). What is the highest common factor of 385 and g?
55
Let x = 69 + -18. Let t = 8 - 6. Suppose -t*q - x + 13 = -4*g, -3 = g - 3*q. Calculate the highest common factor of 18 and g.
6